is the greatest common factor of m and 7?
1
Let v = 139 - 106. What is the greatest common divisor of v and 297?
33
Let b(s) = -2*s**2 + 16*s + 10. Let t be b(7). Calculate the highest common factor of 8 and t.
8
Let j(w) = 12*w - 49. Let f be j(5). What is the greatest common divisor of 11 and f?
11
Let s(z) = -24*z - 13. Let a be s(-1). What is the greatest common factor of 121 and a?
11
Let h = 14 + 58. Calculate the highest common divisor of 90 and h.
18
Let l(a) = -3*a**3 - 2*a**2 - a. Suppose 0 = -q - q. Let i = -1 - q. Let p be l(i). What is the highest common divisor of p and 8?
2
Let s be (-27)/6 + 1/2. Let f be ((-264)/(-36))/(s/(-30)). What is the greatest common factor of f and 5?
5
Let b = -6 - -24. Suppose b = 2*o - 2. Suppose 3*c + c = 120. What is the greatest common factor of c and o?
10
Suppose 169 = 5*r - 4*n, 0*r - 2*r + 67 = -n. Suppose 0 = -2*k - 5*v + 27, k - v - r = -k. What is the highest common divisor of k and 80?
16
Suppose 0 = 8*c - 17*c + 135. Calculate the highest common factor of c and 15.
15
Let d(t) = -t + 2. Let n be d(2). Let q = -11 - -18. Suppose n = -3*x + q*x - 72. What is the highest common factor of x and 27?
9
Suppose -5*j + 110 = -4*y, -2*y + 80 = 5*j - 0*y. Let z(g) = g + 5. Let p be z(-4). Let d be (27*p)/(-1 + 2). Calculate the greatest common divisor of j and d.
9
Let d be 2 - -7*(-2 - 1). Let v = -5 - d. Suppose -61 = -3*n + 23. What is the highest common factor of n and v?
14
Suppose 5*t + 5*x - 225 - 50 = 0, 0 = 4*x. Calculate the highest common factor of 11 and t.
11
Suppose -o = f - 10, 2*f - 3*o = 2*o - 1. What is the greatest common factor of 21 and f?
7
Let a be 8/(-2) - (-42)/6. What is the greatest common factor of 18 and a?
3
Let y be (-6 - -5)*(3 + 0). Let f(q) = -3*q + 5*q - 3*q + 3. Let r be f(y). What is the greatest common divisor of 24 and r?
6
Let o = -33 + 176. Let t = 56 - 43. Calculate the greatest common divisor of t and o.
13
Suppose 9*i = 3*i + 60. What is the greatest common factor of 4 and i?
2
Let c(t) = 2*t**2 - 14*t + 11. Let s be c(11). What is the highest common factor of s and 11?
11
Suppose -3*v - 5*r = -190, 5*v - 4*r - 169 = 123. Calculate the greatest common divisor of 12 and v.
12
Let m = -15 - 15. Let f be (-1556)/m + (-2)/(-15). Calculate the greatest common factor of 13 and f.
13
Let q be (2 - 3) + 17 - -4. Calculate the greatest common factor of 50 and q.
10
Suppose 504 - 99 = 5*t. Calculate the greatest common factor of t and 9.
9
Suppose -j + 27 = 2*j. Let g(t) = t + 1. Let c be g(5). What is the highest common divisor of c and j?
3
Let m = 56 + 25. What is the greatest common factor of 9 and m?
9
Let a(o) = o**2 - 6*o - 38. Let u be a(-4). Calculate the highest common factor of u and 2.
2
Let b = -9 + 39. Suppose 7*g - 375 = 2*g. Calculate the highest common divisor of b and g.
15
Let m be (-4)/(-3)*54/12. Suppose 0 = 4*a - 17 - 7. What is the greatest common divisor of m and a?
6
Let k = -2 - -2. Let y be (21/6 - 3)*k. Suppose y = 2*a - 4*j - 60, 35 = 5*a - 2*j - 107. What is the highest common factor of a and 14?
14
Let y = -9 + 15. Let x = y + -2. Suppose x*g = -0*g + 56. Calculate the greatest common divisor of 70 and g.
14
Let f = -219 + 411. What is the highest common divisor of f and 24?
24
Let a be (413 - 0)/(2 + -1). Let b = a - 188. Suppose 2*l + 3*l + m - b = 0, -4*m - 180 = -4*l. Calculate the highest common divisor of l and 9.
9
Suppose 7*c = -5*g + 8*c + 295, 3*g - 5*c = 155. Calculate the highest common factor of g and 20.
20
Suppose 5*m = 6 + 9. Suppose 3 = -t, 84 = 3*d + 3*t + m. Let b(c) = c**2 + 11*c + 40. Let o be b(-6). What is the highest common divisor of o and d?
10
Suppose 2*a = -3*a + 40. Suppose -11*b + a*b + 48 = 0. What is the greatest common factor of 144 and b?
16
Let q = -11 + 38. What is the highest common factor of 216 and q?
27
Suppose -4*k = -0*k. Suppose -4*o + 40 = -k*o. Let t be (-4)/10 - (-704)/10. Calculate the highest common factor of o and t.
10
Let r be 4 - -1 - (0 + 1). Suppose r*l - 2*l - 4 = 0. Suppose -l*b - 40 = -3*f, -2*f - 2*b = -7*f + 64. Calculate the highest common factor of 24 and f.
12
Let j be (-25)/15*(-6)/5. Let p = 2 + -2. Let x = 2 + p. What is the highest common factor of x and j?
2
Suppose 5*q - 3 = 7. Suppose 0*h - q*h = 3*x - 518, -3*h = 15. Suppose 2*n = -0*n + 32. What is the highest common factor of n and x?
16
Suppose 2 = -5*w + 52. Calculate the highest common factor of w and 15.
5
Let p(w) = -w**2 - 14*w + 3. Let g be p(-11). Let d be (g/30)/((-6)/(-20)). Calculate the greatest common factor of 4 and d.
4
Let a = -5 - -21. Let c(m) = 1 - 7*m + 22*m + 5. Let n be c(6). What is the highest common divisor of a and n?
16
Suppose 0 = 4*h + 5*k - 101, 2*k = -2*h - 3*k + 53. Let n = 56 - h. Suppose -f + 1 + 5 = 3*o, 4*f + 4*o = n. What is the highest common divisor of 6 and f?
3
Suppose -3*d - q = -80, 46 = -0*d + 2*d - 3*q. Calculate the highest common factor of d and 286.
26
Suppose -9*c + 132 = -3*c. Calculate the highest common divisor of 66 and c.
22
Suppose -7*z + 5*z + 68 = -4*m, -2*z = -5*m - 64. What is the highest common factor of 12 and z?
6
Suppose -2*k + 52 = -44. Let z(o) = 2*o**2 - 7*o - 1. Let w be z(6). Let h = w + -17. What is the highest common factor of h and k?
12
Suppose -2*a + n = -33, 3*a + 6*n - 36 = 3*n. Calculate the greatest common factor of a and 5.
5
Let k be 1*2 - (-2 - -1). Suppose 4*q - 14 = -6. Suppose q*u = a + k*a + 146, -4*a + 16 = 0. What is the highest common factor of 9 and u?
9
Suppose -6*c + 11*c - 675 = 0. Suppose 23 = -2*b + c. Calculate the greatest common factor of b and 7.
7
Suppose v = -4*v + 200. What is the greatest common divisor of 100 and v?
20
Let w = -7 - -13. Suppose -2*x + w*x - 16 = 0. Calculate the greatest common divisor of 6 and x.
2
Suppose 2*t = -2*d + 5 + 27, 4*d - 64 = -5*t. Calculate the highest common factor of d and 40.
8
Let i be (-2)/3*15/10*-11. Calculate the highest common factor of 33 and i.
11
Let g(y) = y**3 + 5*y**2 + y - 3. Let n be g(-4). Calculate the highest common factor of 18 and n.
9
Suppose 4*b - 18 - 20 = -2*c, -18 = b - 5*c. Suppose -18 = 2*i - b*i + a, 2*a + 4 = 2*i. What is the highest common divisor of 1 and i?
1
Let r = -34 + 78. What is the highest common factor of 22 and r?
22
Suppose 3*m = 5*y - 2 - 8, y + 2*m = 2. Let f(d) = -3*d**2 - 1 - y*d**3 - 3*d + 1. Let i be f(-2). What is the greatest common divisor of i and 50?
10
Let j(r) = r**3 - 4*r**2 + 3*r - 2. Let h be j(4). Let y = -452 + 456. Calculate the highest common divisor of y and h.
2
Let d(x) = x - 1. Let k be d(2). Suppose -4*j - k = -13. Suppose -2*y + 18 = -v, 0 = -20*y + 25*y - 5*v - 45. What is the highest common divisor of j and y?
3
Let o be 25 + 0 + -3 + -1. What is the greatest common divisor of 7 and o?
7
Let y(d) = -106*d - 2. Let i be y(-1). Calculate the greatest common factor of 13 and i.
13
Suppose -2*i - i = -27. Let h = 5 + i. Suppose 2*t - 105 = -t. Calculate the greatest common divisor of t and h.
7
Let k(y) = 10 + 2*y + y - 4*y. Let a be k(6). Calculate the highest common divisor of 44 and a.
4
Let f(v) = v**3 + 4*v**2 - 1. Let w be f(-4). Let g = w + 2. Let n = 7 - g. Calculate the greatest common factor of 54 and n.
6
Let u = -43 - -59. What is the highest common factor of u and 80?
16
Let p = 2 - -8. Suppose z - 5*o - 90 = 0, -2*z - 3*o + 160 = -8*o. What is the greatest common divisor of p and z?
10
Let o(j) = -j + 5. Let c be o(6). Let x be (3/9 + c)*-3. Suppose -x*g + 3*g = 27. What is the greatest common divisor of 9 and g?
9
Suppose 825 = 6*y - 3*y. Suppose -2*i + 174 + 0 = 0. Let d = -62 + i. What is the greatest common divisor of y and d?
25
Let h(o) be the first derivative of 11*o**2 + 11*o - 1. Let x be h(12). Calculate the highest common divisor of x and 25.
25
Suppose 1 = -7*a + 36. Calculate the highest common divisor of 35 and a.
5
Let y(g) = 14*g**2 + 2*g + g + 0 + 0. Let i be y(3). Suppose -5*o = -4*d - 63, -5*o + 5*d + 30 = -2*o. Calculate the highest common factor of i and o.
15
Suppose 5*v - 8 = 22. Suppose -4*p + v = -2*p. What is the highest common factor of 9 and p?
3
Let l be 555/(-9) - (-2)/3. Let g = 105 + l. Calculate the highest common divisor of 4 and g.
4
Suppose 0*k + 3*k = 5*y + 12,